3301077 a composite number?
True
Is 26414827 a composite number?
False
Is 58113674 a composite number?
True
Is 14421731 prime?
True
Is 4341947 a prime number?
True
Is 16996529 a composite number?
True
Is 70130111 a composite number?
True
Is 195001619 prime?
True
Is 17975173 prime?
True
Is 1921961 a composite number?
True
Is 69395311 a prime number?
True
Is 16646849 prime?
False
Is 17590603 a composite number?
False
Is 3306907 a composite number?
False
Is 355763 composite?
False
Is 230150891 prime?
True
Is 1074797 prime?
False
Is 22027417 prime?
True
Is 249609733 prime?
False
Is 263097067 composite?
False
Is 11362894 composite?
True
Is 42980213 prime?
True
Is 147868262 prime?
False
Is 10419331 composite?
True
Is 2979901 prime?
True
Is 19165823 a composite number?
True
Is 10800811 prime?
False
Is 2716661 a prime number?
True
Is 44116249 composite?
False
Is 3880039 composite?
True
Is 305653 a composite number?
True
Is 172127 a prime number?
True
Is 5227045 composite?
True
Is 36926371 prime?
False
Is 35112877 prime?
True
Is 9867934 a composite number?
True
Is 896931761 a composite number?
True
Is 216940709 composite?
False
Is 765683 a composite number?
True
Is 4824607 prime?
False
Is 20863589 prime?
False
Is 2281487 composite?
True
Is 161661217 prime?
False
Is 18964045 a prime number?
False
Is 24732751 a prime number?
False
Is 11898547 a prime number?
True
Is 865749 prime?
False
Is 77726741 prime?
True
Is 25803277 a composite number?
True
Is 557779 a prime number?
True
Is 15482611 prime?
False
Is 76382653 a composite number?
False
Is 1880129 composite?
False
Is 10998751 composite?
True
Is 20075639 a prime number?
False
Is 19214771 a prime number?
True
Is 10467857 a prime number?
True
Is 247639411 prime?
False
Is 4564193 prime?
True
Is 29417579 prime?
True
Is 190699583 a composite number?
False
Is 739703697 prime?
False
Is 944071 a composite number?
False
Is 671929 prime?
False
Is 9858197 composite?
False
Is 93437 prime?
False
Is 9628487 a prime number?
False
Is 2198153 a composite number?
False
Is 56241519 a prime number?
False
Is 2221771 a prime number?
True
Is 60178697 prime?
True
Is 5190487 a prime number?
False
Is 146682407 a prime number?
True
Is 2844367 prime?
True
Is 166012771 prime?
True
Is 106365373 a prime number?
False
Is 135265003 prime?
True
Is 131880701 a prime number?
True
Is 27679693 a composite number?
True
Is 68187841 a prime number?
True
Is 34979333 prime?
True
Is 150945629 prime?
False
Is 5127805 prime?
False
Is 3054899 prime?
True
Is 1411411 a composite number?
False
Is 11916941 a prime number?
False
Is 856887 prime?
False
Is 14479253 prime?
True
Is 56671229 composite?
False
Is 52707899 prime?
True
Is 6167741 a composite number?
True
Is 12084791 a prime number?
False
Is 1767226 prime?
False
Is 2642839 composite?
False
Is 408984619 a prime number?
False
Is 895519 a composite number?
True
Is 11876023 a prime number?
True
Is 1052069 a composite number?
True
Is 70829713 a composite number?
False
Is 2249337 a composite number?
True
Is 4377631 composite?
True
Is 119878381 prime?
False
Is 18574459 a composite number?
False
Is 1034069 a composite number?
False
Is 14317883 a composite number?
False
Is 37552469 a prime number?
True
Is 2904229 a composite number?
True
Is 15211237 prime?
False
Is 20407187 prime?
False
Is 5195957 a composite number?
True
Is 3825229 composite?
False
Is 112979 a composite number?
False
Is 874185667 a composite number?
False
Is 1160851 prime?
False
Is 16589911 composite?
True
Is 87419227 prime?
False
Is 132036873 prime?
False
Is 30513865 composite?
True
Is 6163229 a composite number?
True
Is 3049357 prime?
False
Is 1114411 a composite number?
True
Is 24070411 a prime number?
False
Is 3679001 prime?
False
Is 547938821 a composite number?
True
Is 1496981 a composite number?
True
Is 189367583 prime?
True
Is 714747673 composite?
False
Is 39723613 prime?
True
Is 38052257 a composite number?
True
Is 78809573 a composite number?
False
Is 6435641 a composite number?
True
Is 331033477 prime?
True
Is 4517363 prime?
True
Is 1300685 a prime number?
False
Is 62524883 prime?
True
Is 11513263 a composite number?
False
Is 1226933 a prime number?
False
Is 11147827 prime?
False
Is 115367131 prime?
False
Is 14943295 a prime number?
False
Is 46970005 a composite number?
True
Is 44000509 prime?
False
Is 148389037 a prime number?
True
Is 1003813 a prime number?
False
Is 16751203 composite?
True
Is 2038169 a prime number?
False
Is 4475351 composite?
False
Is 176295919 composite?
True
Is 1333861 a prime number?
False
Is 61376605 a prime number?
False
Is 1068941 a composite number?
False
Is 298254053 composite?
False
Is 6375101 a composite number?
True
Is 2395 composite?
True
Is 4236887 composite?
False
Is 759719 a prime number?
True
Is 291453485 a prime number?
False
Is 16733127 composite?
True
Is 448769 a composite number?
False
Is 6108667 a composite number?
True
Is 45981779 composite?
True
Is 9551769 prime?
False
Is 970493 a prime number?
True
Is 187597 a composite number?
False
Is 16583239 a composite number?
False
Is 472643 composite?
False
Is 8429573 composite?
False
Is 5632579 prime?
True
Is 87922843 a prime number?
True
Is 1305220439 a prime number?
True
Is 574266145 a prime number?
False
Is 1405678889 composite?
False
Is 29144207 prime?
False
Is 63446917 a composite number?
False
Is 1214718143 a composite number?
False
Is 1119473 a prime number?
True
Is 43073951 prime?
True
Is 1364413 a prime number?
False
Is 33019079 prime?
False
Is 34176881 a prime number?
True
Is 35182199 a prime number?
False
Is 5888627 composite?
False
Is 28184939 a composite number?
False
Is 3800051 a composite number?
False
Is 4740257 composite?
False
Is 17719327 a prime number?
True
Is 18836749 a prime number?
True
Is 1744301 prime?
False
Is 868151555 composite?
True
Is 686713 prime?
False
Is 11682683 composite?
False
Is 1122493 a prime number?
False
Is 18624187 prime?
False
Is 550217 prime?
False
Is 64603921 prime?
True
Is 2243929 a composite number?
True
Is 87745649 prime?
False
Is 8783149 prime?
False
Is 140919431 composite?
False
Is 1201307 a composite number?
False
Is 8985517 composite?
False
Is 83295689 a prime number?
True
Is 3190819 a composite number?
False
Is 8346869 a composite number?
False
Is 49127 prime?
False
Is 645055 a prime number?
False
Is 132232973 prime?
True
Is 414985457 a prime number?
True
Is 456713261 prime?
True
Is 117379309 composite?
False
Is 7152851 composite?
False
Is 5689522 prime?
False
Is 21700729 a prime number?
False
Is 26124247 a prime number?
False
Is 458119 a composite number?
False
Is 2540803 prime?
False
Is 2448665 prime?
False
Is 5035441 composite?
True
Is 313391 a prime number?
False
Is 467677619 prime?
True
Is 12675711 a composite number?
True
Is 11596423 a prime number?
False
Is 2035217 prime?
False
Is 1519231 a prime number?
False
Is 37687043 composite?
False
Is 358181 prime?
True
Is 17685931 a composite number?
False
Is 518057 composite?
False
Is 19214683 prime?
False
Is 10959799 a prime number?
False
Is 27183602 a prime number?
False
Is 278947 a prime number?
True
Is 21377701 composite?
False
Is 1615301 prime?
False
Is 702053 a composite number?
True
Is 135076687 a composite number?
False
Is 35313961 a prime number?
True
Is 87013067 a prime number?
False
Is 38279377 a composite number?
True
Is 1407641 prime?
False
Is 199841786 prime?
False
Is 1503323 a prime number?
False
Is 12607139 prime?
False
Is 3763129 a prime number?
False
Is 180617 composite?
False
Is 15778121 a composite number?
False
Is 5092357 prime?
True
Is 15199699 composite?
False
Is 10238483 a composite number?
False
Is 502961 prime?
True
Is 15341357 composite?
True
Is 412777 a composite number?
True
Is 1347753431 prime?
True
Is 174682411 a prime number?
True
Is 1990361 a composite number?
False
Is 10424263 a prime number?
True
Is 95551199 a prime number?
True
Is 4674183 a composite number?
True
Is 1130191 prime?
True
Is 400159717 prime?
True
Is 173703727 prime?
True
Is 3195623 a composite number?
False
Is 31975709 prime?
True
Is 11994023 a prime number?
False
Is 1991617 composite?
False
Is 112031817 prime?
False
Is 18203239 composite?
False
Is 127265753 composite?
False
Is 11429709 a prime number?
False
Is 238709 composite?
False
Is 